1873
List the prime factors of 26920398.
2, 3, 61, 73553
List the prime factors of 250449010.
2, 5, 7, 523, 6841
List the prime factors of 749985215.
5, 7, 1439, 14891
List the prime factors of 22392684.
2, 3, 622019
List the prime factors of 56177935.
5, 11, 1021417
List the prime factors of 1871579981.
1871579981
What are the prime factors of 4135913412?
2, 3, 344659451
List the prime factors of 8433279.
3, 937031
List the prime factors of 4908387240.
2, 3, 5, 53, 85751
List the prime factors of 373337951.
7, 71, 751183
List the prime factors of 350079.
3, 61, 1913
List the prime factors of 1540569352.
2, 7, 89, 103, 3001
List the prime factors of 288820171.
288820171
List the prime factors of 103241116.
2, 11, 41, 151, 379
List the prime factors of 65701116.
2, 3, 13, 10799
List the prime factors of 140704092.
2, 3, 1471, 2657
What are the prime factors of 419627822?
2, 383, 547817
List the prime factors of 113925230.
2, 5, 211, 53993
What are the prime factors of 67767114?
2, 3, 1933, 5843
List the prime factors of 1137876952.
2, 142234619
List the prime factors of 109548337.
101, 1084637
What are the prime factors of 1134965?
5, 13, 19, 919
What are the prime factors of 41317233?
3, 13772411
List the prime factors of 230000600.
2, 5, 79, 14557
What are the prime factors of 45888629?
19, 2415191
What are the prime factors of 12709268?
2, 11, 13, 17, 1307
List the prime factors of 1118873333.
149, 7509217
List the prime factors of 340493580.
2, 3, 5, 7, 181, 1493
List the prime factors of 167465836.
2, 29, 59, 24469
What are the prime factors of 117669953?
37, 337, 9437
List the prime factors of 3976404850.
2, 5, 11, 657257
What are the prime factors of 8429099963?
8429099963
What are the prime factors of 55921417?
41, 1363937
What are the prime factors of 80144074?
2, 40072037
What are the prime factors of 121935807?
3, 7, 29, 22247
What are the prime factors of 497126786?
2, 13, 4111, 4651
List the prime factors of 60811931.
23, 653, 4049
What are the prime factors of 288474528?
2, 3, 3004943
List the prime factors of 71333384.
2, 8916673
What are the prime factors of 1813939591?
1813939591
What are the prime factors of 493559100?
2, 3, 5, 548399
List the prime factors of 38743175.
5, 683, 2269
What are the prime factors of 49085871?
3, 463, 35339
What are the prime factors of 374183052?
2, 3, 31181921
What are the prime factors of 513845245?
5, 1031, 99679
What are the prime factors of 1486889?
523, 2843
What are the prime factors of 768324227?
11, 6349787
List the prime factors of 91317228.
2, 3, 7609769
What are the prime factors of 274790820?
2, 3, 5, 31, 157, 941
What are the prime factors of 575327337?
3, 13, 107, 137869
List the prime factors of 122647811.
11, 13, 31, 73, 379
What are the prime factors of 2715375?
3, 5, 13, 557
What are the prime factors of 4897043927?
127, 197, 195733
List the prime factors of 153442553.
11, 13949323
List the prime factors of 292121781.
3, 7, 23, 12343
List the prime factors of 2458815905.
5, 7, 13, 89, 60719
List the prime factors of 1077409718.
2, 7, 11, 6996167
List the prime factors of 559176516.
2, 3, 15532681
What are the prime factors of 3928928937?
3, 1309642979
List the prime factors of 1572996408.
2, 3, 73, 897829
List the prime factors of 1941475846.
2, 970737923
List the prime factors of 132562932.
2, 3, 11046911
What are the prime factors of 5844235724?
2, 17, 839, 102437
What are the prime factors of 89029313?
137, 649849
List the prime factors of 21436692.
2, 3, 1786391
What are the prime factors of 147818495?
5, 11, 2687609
List the prime factors of 48180403.
59, 313, 2609
List the prime factors of 209720934.
2, 3, 263, 14767
What are the prime factors of 1501960071?
3, 1979, 252983
List the prime factors of 337903642.
2, 168951821
List the prime factors of 2279799914.
2, 7, 223, 730237
List the prime factors of 725564439.
3, 61, 440537
List the prime factors of 185091781.
7, 47, 562589
What are the prime factors of 1528166947?
38677, 39511
What are the prime factors of 980185808?
2, 7, 1250237
List the prime factors of 24901430.
2, 5, 17, 29, 5051
List the prime factors of 70439057.
13, 29, 186841
What are the prime factors of 2300734583?
7, 6707681
What are the prime factors of 113408529?
3, 13, 79, 36809
What are the prime factors of 1534788334?
2, 18149, 42283
List the prime factors of 18792109.
7, 2684587
List the prime factors of 1357035921.
3, 150781769
List the prime factors of 54894305.
5, 10978861
What are the prime factors of 5739652209?
3, 131, 331, 44123
What are the prime factors of 83897184?
2, 3, 7, 124847
List the prime factors of 704038070.
2, 5, 70403807
What are the prime factors of 70269230?
2, 5, 47, 307, 487
List the prime factors of 262038167.
523, 501029
List the prime factors of 94376067.
3, 31458689
List the prime factors of 2357093066.
2, 37, 2441, 13049
List the prime factors of 323350588.
2, 11, 19, 20357
What are the prime factors of 37763204?
2, 9440801
List the prime factors of 61622947.
19, 31, 104623
List the prime factors of 7668774.
2, 3, 89, 4787
What are the prime factors of 140466347?
7, 61, 328961
List the prime factors of 2257945949.
7, 23, 14024509
List the prime factors of 16074430.
2, 5, 31, 51853
List the prime factors of 54557609.
54557609
What are the prime factors of 91452943?
163, 561061
List the prime factors of 156065936.
2, 13, 29, 25873
What are the prime factors of 147561120?
2, 3, 5, 7, 14639
List the prime factors of 219095607.
3, 73031869
What are the prime factors of 35888458?
2, 17944229
List the prime factors of 173033618.
2, 151, 281, 2039
List the prime factors of 63856780.
2, 5, 13, 449, 547
What are the prime factors of 1620806396?
2, 11, 43, 251, 3413
What are the prime factors of 755489963?
755489963
What are the prime factors of 63219913?
29, 2179997
What are the prime factors of 16280574?
2, 3, 43, 63103
List the prime factors of 2965496270.
2, 5, 11, 31, 601, 1447
List the prime factors of 6454701.
3, 11, 103, 211
List the prime factors of 1407621835.
5, 281524367
What are the prime factors of 196604591?
167, 523, 2251
List the prime factors of 246037999.
4831, 50929
List the prime factors of 1273158551.
7, 29, 1399, 4483
List the prime factors of 617445773.
7, 41, 919, 2341
What are the prime factors of 57524336?
2, 3595271
What are the prime factors of 4161964453?
43, 96789871
List the prime factors of 1636380507.
3, 151, 3612319
List the prime factors of 44792037.
3, 29, 171617
What are the prime factors of 26382249?
3, 17, 172433
What are the prime factors of 1533571170?
2, 3, 5, 51119039
List the prime factors of 412516739.
373, 1105943
What are the prime factors of 87582765?
3, 5, 41, 53, 2687
What are the prime factors of 2228847857?
631, 3532247
What are the prime factors of 64410271?
64410271
List the prime factors of 82691969.
23, 3595303
List the prime factors of 1021841970.
2, 3, 5, 29, 1174531
What are the prime factors of 132692862?
2, 3, 359, 61603
What are the prime factors of 1098481264?
2, 3019, 22741
List the prime factors of 1309108371.
3, 277, 1575341
What are the prime factors of 4171443975?
3, 5, 43, 143719
What are the prime factors of 399479173?
2129, 187637
List the prime factors of 491789804.
2, 11, 17, 657473
What are the prime factors of 160468527?
3, 73, 313, 2341
List the prime factors of 2073653324.
2, 518413331
List the prime factors of 21089819.
21089819
List the prime factors of 130548180.
2, 3, 5, 7, 310829
List the prime factors of 2817728009.
2817728009
What are the prime factors of 232934304?
2, 3, 2426399
What are the prime factors of 169512975?
3, 5, 29, 83, 313
List the prime factors of 25063779.
3, 13, 31, 20731
What are the prime factors of 4120871721?
3, 1373623907
What are the prime factors of 6223897898?
2, 3111948949
List the prime factors of 94427295.
3, 5, 1873, 3361
What are the prime factors of 5258642106?
2, 3, 876440351
List the prime factors of 27126964.
2, 523, 12967
What are the prime factors of 84409981?
17, 29, 131, 1307
What are the prime factors of 1509046925?
5, 60361877
List the prime factors of 1411246050.
2, 3, 5, 149, 233, 271
List the prime factors of 538309976.
2, 19, 53, 66821
What are the prime factors of 28109492?
2, 37, 189929
List the p